= 4*b + 36, 2*l = -4*b + l - 38. Let w = -6 - b. What is the units digit of w?
4
What is the tens digit of (-34)/(-1) - (-1 + 2)?
3
Suppose -2*l - 45 = 3*l. Let k = l + 12. What is the units digit of k?
3
Suppose 2*d + d - 6 = 0. Suppose c + 30 = -d*c. What is the units digit of (-10)/25 - 214/c?
1
Let c be (-18)/(-8)*200/(-15). What is the units digit of (-108)/c + (-6)/(-15)?
4
Suppose 2*l + 2*l + 10 = j, 0 = -3*j + 2*l + 10. What is the units digit of 3/(-6)*j - -8?
7
Let q = -7 - -75. What is the tens digit of q?
6
Suppose o = 8 + 1. Suppose o*l = 4*l - 180. What is the tens digit of ((-2)/(-3))/((-2)/l)?
1
Suppose k + 2*k - 9 = 0. Suppose 10 = -k*q + 4*q. What is the tens digit of q?
1
Let t = 10 - 5. Suppose -2*m + m = -t. Suppose -m*n + 0*v = v - 5, -4*n = -3*v - 4. What is the units digit of n?
1
Suppose 0 = 4*v - 0 - 4. Suppose -3 + v = -j. What is the units digit of j?
2
Let i(k) = -k**2 + 2*k + 29. What is the units digit of i(0)?
9
Let l(k) = -k**3 + 2*k**2 + 2. Let q be l(2). Suppose -2*z + 16 = 2*o, -q*o + 4*z - 3*z = -1. Suppose o*y + 0 = 15. What is the units digit of y?
5
Let f = 11 + 28. What is the units digit of f?
9
Let i(t) = t**3 - 13*t**2 - 11*t - 15. What is the tens digit of i(14)?
2
Suppose 0 = -t + 3*q + 59, -4*t + 16 = -5*q - 199. What is the units digit of t?
0
Let o be (1 - -1 - 10) + 1. Let p = 2 - o. What is the units digit of p?
9
Suppose 1 = 4*n - 15. Suppose -q = -6*q + n*h + 55, -4*q + 44 = 2*h. What is the tens digit of q?
1
Let k(z) = -2*z + z**2 - z + 5*z + 1 + 2 - z**3. What is the tens digit of k(-2)?
1
Suppose 3*i - 4 = i, -3*x = -4*i - 70. What is the units digit of x?
6
Let w(b) = b**3 - 13*b**2 - 9*b - 8. What is the units digit of w(14)?
2
Suppose -3*h - 3 = 0, o + 3*h - 15 = 7. What is the tens digit of o?
2
Suppose -4*s + 2*n = -0*n - 698, 3*s = -2*n + 520. What is the hundreds digit of s?
1
Let i = -7 - -11. Suppose -12 + 0 = -4*n. Suppose j + 7 = 2*j + n*o, i*j = -5*o + 28. What is the units digit of j?
7
Suppose -3*f + 28 + 44 = 0. What is the units digit of f?
4
Suppose 3*a - 6 - 66 = 0. What is the tens digit of a?
2
Suppose -4*m + 2*b = 4*b - 14, 0 = 5*m + 4*b - 13. Let c(p) = 0*p**2 - 4*p**2 + 3*p**2 + 8*p - 4. What is the units digit of c(m)?
1
Let i(s) = -s**2 + 5*s + 9. Let n be i(7). Let x = -11 - n. What is the units digit of (-26)/x + 2/3?
5
Let x be 1/3 - 3/9. Suppose -5*t + 2*g + 0*g - 24 = 0, 5*t - 4*g + 18 = x. What is the units digit of 5*3/t*-2?
5
Let j be 99/3*2/3. Suppose -l = 8 - j. What is the units digit of l?
4
Let z(s) = s**2 - 11*s - 3. Let v = 6 - 1. Let y be z(v). What is the tens digit of (-1)/(-2) - y/2?
1
Let f(l) = l**3 - 2*l + 3*l**2 + 3*l - 2*l. What is the units digit of f(-2)?
6
What is the hundreds digit of 1976/39*(2 - (-1 + 0))?
1
Let v be -6 + 78 - (1 + -1). Suppose -k - a - 7 = -23, -4*k + 4*a + v = 0. What is the units digit of k?
7
Suppose 0 = 5*j - 84 + 274. What is the tens digit of 0 - -2 - 1 - j?
3
Suppose l - 2*b + 8 = 0, -5*l - 3*b + 5*b - 32 = 0. Let y be l/3*2/1. Let d = y + 7. What is the units digit of d?
3
Suppose 0 = -l - 0*l + 18. Suppose -3*c - l = -6*c. What is the units digit of c?
6
Let w(z) = z**3 + 8*z**2 - 11*z. What is the units digit of w(-9)?
8
Let v(m) = -m**2 + 10*m + 16. Let h be v(12). What is the units digit of (-261)/(-12) + 6/h?
1
What is the units digit of ((-8)/(-12))/((-2)/(-21))?
7
Let t be 15/(9/6 - 3). Let g be (-36)/(-15) - (-4)/t. Suppose i - 4 = 5*c, 0 = 2*c - 3*c + g. What is the units digit of i?
4
Let t(j) = 8*j**2 + 12*j - 2. What is the hundreds digit of t(5)?
2
Suppose -2*b + 6*b + 364 = 4*r, 0 = 3*r + b - 257. What is the units digit of r?
7
Suppose 16*g = 21*g. Suppose g*t = -3*t - 3, -3*c - t = -59. What is the tens digit of c?
2
Let o(c) = c + 1. Let m be o(7). What is the units digit of (-1)/(-4) - (-70)/m?
9
Let v = -2 - -6. Suppose 0 = -j - v*j - 95. Let z = j - -30. What is the tens digit of z?
1
Let q = -6 + 0. Let f(i) = -6*i - 4*i**2 + 4*i**3 + 2 - 3*i**2 - 5*i**3. What is the units digit of f(q)?
2
Suppose 0*j + j + 6 = -2*k, 38 = -5*j - 2*k. Let h = j + 29. What is the tens digit of h?
2
Suppose 0 = -2*y + 6 + 42. Suppose -5*h = 2*v + 37, 0 = 4*v - 2*h + 6*h + 68. Let b = v + y. What is the units digit of b?
8
Suppose -5*d - w = -19, -5*w + w = 5*d - 31. Let u(y) = 0*y + y**3 - 2*y**2 + y**2 - 1 - 2*y**d - 3*y. What is the units digit of u(-2)?
9
Suppose 5*u = 1153 - 443. What is the tens digit of u?
4
Let i(u) = -u**2 - 7*u. Let n be i(-7). What is the units digit of -3 - -13 - (1 + n)?
9
Let s(m) = m. Let w(x) = 4*x + 1. Let l(i) = 3*s(i) - w(i). What is the units digit of l(-7)?
6
Let m be 65 - 1*(0 - 2). What is the tens digit of 1/(-6) + m/6?
1
Let i be (-8)/(-10) - 36/(-30). Suppose 2*s - 64 = 3*p, -i*s + 7*s + p - 177 = 0. What is the units digit of s?
5
Suppose 2 + 5 = -g. Let h = g - -11. Suppose 34 = h*u + 10. What is the units digit of u?
6
Let m = 289 + -36. What is the units digit of m?
3
Let i be (-3)/(-9) + 1/(-3). Let s be (4 + 1)*(1 + i). Suppose s = 3*h - 4. What is the units digit of h?
3
Let t(k) = k**3 + 8*k**2 + 8*k - 11. What is the units digit of t(-6)?
3
Let d(b) be the second derivative of b**4/4 - b**2 - 2*b. What is the tens digit of d(-2)?
1
Let n = -50 + 63. What is the units digit of n?
3
Suppose 4*z = -0*z + 336. What is the tens digit of z?
8
Let f(b) = -b**2 + 11*b + 13. Let w = -7 + 17. What is the units digit of f(w)?
3
Let n(z) = z**3 + z**2 + z + 2. Let y be n(0). Let w = 7 - y. Suppose -5*s + 4*s + w = 0. What is the units digit of s?
5
Suppose 0 = 2*q - 15 + 7. Let o(w) = 5*w**3 - 7*w + 2 - 4*w**3 + 3*w - 3*w**2. What is the units digit of o(q)?
2
Suppose 5*l - 3*o = 223, -4*o = 4 - 0. What is the units digit of l?
4
Suppose -4*m + 0*m + 96 = 0. What is the tens digit of m?
2
Suppose -3*u = -8*u - 15, -2*z + 6 = -2*u. Suppose -2*l + 1 + 3 = z. What is the units digit of l?
2
Let k = -6 + 9. Suppose 20 = x + k*x. What is the units digit of x?
5
Let g(j) = 3*j + 6. Let t be g(-6). Suppose -v + 8 = -0*v. What is the units digit of ((-6)/v)/(3/t)?
3
Suppose -5*x = 2*b, -b + 2*x + 7 + 2 = 0. Let v = b + 9. Suppose -5*u + 4*t = -70, -u + 4*t = -0*u - v. What is the tens digit of u?
1
Let q(t) = 6*t**3 + t**2 + 2*t + 1. What is the tens digit of q(2)?
5
Let m = 12 + -7. Suppose -2*k + 4 = -3*f - 0, -m*f + 35 = 5*k. What is the units digit of f?
2
Suppose -5*b - r = -24, 0 = b + 3*b - r - 12. Suppose -m + 70 = 5*a + 2*m, 0 = -5*a + b*m + 70. What is the units digit of a?
4
Let j be (0 - -1) + -3 + 1. Let o be (-2 + 4 - 2) + j. What is the units digit of (o + 2)*15/5?
3
Suppose 0*v = 3*v - 51. What is the units digit of v?
7
Let p = -142 + 212. What is the tens digit of p?
7
Suppose 0 = 5*v - 4*v - 32. What is the units digit of v?
2
Let a(p) = 8*p + 6. Let x be a(15). Suppose -4*q = -q - x. What is the units digit of q?
2
Suppose 2*i = f + f - 34, -2*i - 53 = -3*f. What is the tens digit of f?
1
Suppose 0 = -20*y + 16*y + 128. What is the tens digit of y?
3
Let x(k) = k**2 - 5*k + 7. Let z be 38/4 + (-2)/(-4). Let n = z - 5. What is the units digit of x(n)?
7
Suppose 2*y - 5*y = 3. Let p be 2 + y - (-2)/1. Suppose z - p = -1. What is the units digit of z?
2
Let z(c) = -c + 22. Let d be z(15). Suppose d = r + 1. What is the units digit of r?
6
Let i(s) = s**2 + 3*s + 4. Suppose 4*a + 6*m = m - 27, -a - 18 = 5*m. What is the units digit of i(a)?
4
What is the units digit of (-21)/(4/24*-2)?
3
Let f(s) = -4*s**3 + 2*s + 1. Let m be f(-1). Suppose -6 = -3*c + 5*t + 3, -1 = c - m*t. What is the units digit of c?
8
Let l be 1 - (2 - -3)*-1. Let x be ((-8)/l)/((-6)/(-9)). What is the units digit of ((-4)/(-6))/(x/(-12))?
4
Suppose -2*r = 5*h - 44, -4*h - r + 36 = r. Suppose -i = -1, 0 = -z + 4*i + h + 12. What is the units digit of z?
4
Let f(i) = i**3 + 5*i**2 + 2*i - 5. Let t be f(-3). Let q(x) = -x**3 + 7*x**2 + 4*x. What is the units digit of q(t)?
8
Suppose 0 = -2*b - 1 - 1, 2*i + b - 43 = 0. What is the units digit of i?
2
Suppose 30 = 9*b - 7*b. What is the tens digit of b?
1
Suppose 10*x - 5*x = 10. Let z = 47 - 48. Let b = x + z. What is the units digit of b?
1
What is the units digit of (-27)/36 - 182/(-8)?
2
Suppose 40 = -7*m + 3*m. Let l = m - -34. What 